) in base 5?
-1
-2 (base 16) to base 11
-2
What is -16 (base 11) in base 12?
-15
Convert -4 (base 14) to base 12.
-4
Convert -1 (base 16) to base 9.
-1
Convert -250 (base 7) to base 5.
-1013
Convert -1011 (base 2) to base 14.
-b
What is -2aa (base 11) in base 16?
-16a
What is -3 (base 6) in base 2?
-11
35 (base 8) to base 6
45
What is 2 (base 5) in base 4?
2
Convert 96 (base 15) to base 4.
2031
2 (base 7) to base 5
2
Convert -8 (base 13) to base 16.
-8
-19 (base 13) to base 3
-211
4 (base 6) to base 5
4
What is 105 (base 13) in base 3?
20110
-11020 (base 4) to base 12
-234
Convert -25 (base 9) to base 7.
-32
What is -102 (base 5) in base 16?
-1b
What is 3 (base 15) in base 16?
3
16 (base 9) to base 8
17
Convert 30 (base 7) to base 11.
1a
-101 (base 5) to base 4
-122
23 (base 14) to base 6
51
Convert 111 (base 3) to base 11.
12
-160 (base 14) to base 11
-235
Convert 13 (base 4) to base 5.
12
212 (base 6) to base 3
2222
Convert -1 (base 15) to base 12.
-1
10110 (base 2) to base 8
26
Convert 232 (base 5) to base 4.
1003
What is -1111 (base 5) in base 2?
-10011100
What is -1 (base 7) in base 15?
-1
What is -32 (base 15) in base 2?
-101111
What is 0 (base 6) in base 15?
0
-21 (base 10) to base 12
-19
What is b (base 14) in base 3?
102
Convert -151 (base 10) to base 6.
-411
3b (base 13) to base 15
35
4c (base 14) to base 4
1010
What is 322 (base 9) in base 14?
14b
-4 (base 6) to base 7
-4
7b (base 15) to base 9
138
What is 11 (base 5) in base 7?
6
What is -4 (base 7) in base 16?
-4
59 (base 15) to base 14
60
Convert -12 (base 14) to base 2.
-10000
21 (base 7) to base 10
15
Convert -20010 (base 3) to base 4.
-2211
Convert 3 (base 16) to base 3.
10
What is -10 (base 14) in base 11?
-13
1d (base 16) to base 2
11101
-1 (base 11) to base 16
-1
What is -5 (base 7) in base 15?
-5
Convert -12 (base 7) to base 14.
-9
Convert -100 (base 2) to base 14.
-4
Convert -1 (base 7) to base 16.
-1
3 (base 15) to base 7
3
What is 1302 (base 4) in base 15?
79
What is -10010 (base 2) in base 7?
-24
33 (base 8) to base 4
123
12 (base 4) to base 12
6
0 (base 8) to base 5
0
What is 251 (base 8) in base 15?
b4
What is -11 (base 5) in base 11?
-6
Convert -11 (base 4) to base 7.
-5
Convert 121 (base 4) to base 11.
23
Convert -11 (base 15) to base 9.
-17
What is -a (base 15) in base 4?
-22
-42 (base 15) to base 3
-2022
Convert -6 (base 14) to base 7.
-6
What is -1 (base 12) in base 10?
-1
-13 (base 12) to base 9
-16
What is 0 (base 8) in base 9?
0
22 (base 3) to base 16
8
-10101 (base 2) to base 14
-17
What is 15 (base 8) in base 13?
10
What is -1 (base 16) in base 13?
-1
What is 3 (base 6) in base 13?
3
What is 128 (base 9) in base 13?
83
Convert -289 (base 10) to base 15.
-144
15 (base 14) to base 11
18
403 (base 6) to base 16
93
What is -30 (base 6) in base 15?
-13
What is -22 (base 4) in base 14?
-a
-5 (base 13) to base 10
-5
Convert 2a (base 12) to base 9.
37
173 (base 15) to base 16
14d
Convert -1 (base 4) to base 9.
-1
-13 (base 10) to base 8
-15
b (base 13) to base 4
23
Convert -6 (base 15) to base 7.
-6
1231 (base 4) to base 12
91
Convert -13 (base 9) to base 6.
-20
What is 296 (base 10) in base 9?
358
Convert 80 (base 9) to base 8.
110
What is 14 (base 8) in base 16?
c
Convert 0 (base 2) to base 3.
0
What is 1 (base 15) in base 4?
1
Convert 1 (base 14) to base 7.
1
What is 102 (base 4) in base 14?
14
What is b9 (base 12) in base 9?
166
Convert 122 (base 6) to base 16.
32
Convert -2222 (base 3) to base 5.
-310
Convert -25 (base 13) to base 2.
-11111
Convert a (base 13) to base 6.
14
What is -2a (base 12) in base 2?
-100010
Convert 3 (base 4) to base 13.
3
What is -3 (base 14) in base 6?
-3
What is 3 (base 13) in base 8?
3
Convert -16 (base 8) to base 6.
-22
Convert -e (base 15) to base 4.
-32
-2 (base 16) to base 10
-2
Convert 2 (base 8) to base 6.
2
9 (base 10) to base 7
12
1 (base 5) to base 12
1
Convert 11 (base 5) to base 10.
6
133 (base 9) to base 13
87
What is 5 (base 9) in base 8?
5
What is 23 (base 10) in base 3?
212
Convert -34 (base 12) to base 14.
-2c
Convert 11110 (base 2) to base 14.
22
Convert 14 (base 10) to base 5.
24
What is -2 (base 3) in base 9?
-2
Convert -131 (base 10) to base 5.
-1011
Convert -10 (base 2) to base 15.
-2
3 (base 6) to base 12
3
0 (base 5) to base 10
0
Convert -2 (base 12) to base 11.
-2
What is 1 (base 14) in base 11?
1
What is -11 (base 2) in base 16?
-3
What is 3 (base 8) in base 6?
3
Convert 2 (base 16) to base 14.
2
Convert -1 (base 13) to base 7.
-1
What is 55 (base 10) in base 8?
67
What is 441 (base 7) in base 2?
11100001
Convert 254 (base 9) to base 2.
11010011
Convert 20 (base 13) to base 11.
24
99 (base 10) to base 16
63
Convert 6 (base 13) to base 11.
6
Convert -37 (base 14) to base 6.
-121
0 (base 11) to base 3
0
Convert -17 (base 8) to base 16.
-f
-2 (base 3) to base 12
-2
Convert 2 (base 16) to base 10.
2
0 (base 13) to base 6
0
What is -1 (base 16) in base 12?
-1
What is -6c (base 16) in base 13?
-84
Convert -53 (base 6) to base 13.
-27
Convert 1000 (base 2) to base 13.
8
What is 0 (base 15) in base 6?
0
What is -14 (base 11) in base 6?
-23
24 (base 6) to base 2
10000
1021 (base 3) to base 10
34
What is -55 (base 8) in base 11?
-41
Convert 1b (base 16) to base 7.
36
-56 (base 9) to base 8
-63
What is 3 (base 4) in base 7?
3
63 (base 8) to base 11
47
10 (base 12) to base 5
22
23 (base 9) to base 16
15
What is 1 (base 11) in base 6?
1
Convert 102 (base 10) to base 7.
204
Convert 14 (base 13) to base 9.
18
What is 2 (base 7) in base 14?
2
1 (base 5) to base 12
1
100 (base 5) to base 10
25
Convert 10 (base 2) to base 12.
2
What is 2 (base 4) in base 9?
2
Convert -36 (base 7) to base 9.
-30
Convert 6 (base 15) to base 12.
6
Convert -215 (base 6) to base 9.
-102
What is 28 (base 9) in base 7?
35
What is -11011 (base 3) in base 13?
-88
3201 (base 4) to base 7
441
What is -6 (base 13) in base 4?
-12
Convert -100010 (base 2) to base 15.
-24
33 (base 16) to base 7
102
What is -79 (base 10) in base 7?
-142
54 (base 9) to base 4
301
Convert -1233 (base 5) to base 16.
-c1
What is 2 (base 9) in base 11?
2
What is -1441 (base 5) in base 6?
-1050
What is 12 (base 4) in base 8?
6
Convert 7 (base 15) to base 8.
7
What is 203 (base 11) in base 10?
245
Convert 1100101 (base 2) to base 10.
101
68 (base 12) to base 8
120
-26 (base 9) to base 6
-40
What is 1 (base 14) in base 6?
1
Convert 3 (base 9) to base 13.
3
-10100 (base 2) to base 10
-20
What is -12d (base 16) in base 10?
-301
Convert -5 (base 6) to base 16.
-5
Convert -110000 (base 2) to base 6.
-120
-1 (base 14) to base 15
-1
-22 (base 4) to base 2
-1010
Convert -11 (base 10) to base 11.
-10
Convert 3 (base 16) to base 6.
3
-3 (base 15) to base 14
-3
What is -13 (base 6) in base 4?
-21
Convert 12 (base 10) to base 14.
c
0 (base 14) to base 2
0
What is 1b9 (base 12) in base 3?
101120
What is -1 (base 11) in base 12?
-1
Convert 3b (base 12) to base 5.
142
315 (base 6) to base 14
87
What is -3 (base 5) in base 12?
-3
-25 (base 16) to base 15
-27
What is -34 (base 14) in base 11?
-42
2 (base 12) to base 3
2
Convert 1 (base 7) to base 2.
1
14 (base 6) to base 9
11
4 (base 11) to base 4
10
Convert 7 (base 8) to base 5.
12
Convert -20 (base 15) to base 3.
-1010
What is -35 (base 7) in base 3?
-222
What is 135 (base 8) in base 6?
233
b9 (base 15) to base 2
10101110
What is 14 (base 14) in base 8?
22
42 (base 13) to base 3
2000
1 (base 15) to base 6
1
Convert -28 (base 10) to base 4.
-130
What is -64 (base 8) in base 13?
-40
Convert -74 (base 9) to base 12.
-57
What is -153 (base 6) in base 3?
-2120
1 (base 4) to base 7
1
-10 (base 2) to base 13
-2
What is -29 (base 16) in base 15?
-2b
What is 42 (base 11) in base 3?
1201
What is 3 (base 8) in base 11?
3
-11 (base 13) to base 12
-12
What is 11 (base 3) in base 5?
4
What is 2 (base 6) in base 9?
2
Convert 14 (base 5) to base 11.
9
-10 (base 6) to base 9
-6
What is 7 (base 13) in base 3?
21
What is -163 (base 7) in base 6?
-234
Convert 10011 (base 2) to base 12.
17
What is 11 (base 4) in base 3?
12
What is 33 (base 13) in base 16?
2a
What is 15 (base 10) in base 11?
14
What is -11 (base 13) in base 3?
-112
Convert -1101 (base 6) to base 15.
-11d
What is -2 (base 10) in base 14?
-2
-1 (base 15) to base 16
-1
11000 (base 2) to base 3
220
W